{"id":2,"date":"2009-06-24T16:16:29","date_gmt":"2009-06-24T21:16:29","guid":{"rendered":""},"modified":"2009-09-04T02:13:26","modified_gmt":"2009-09-04T07:13:26","slug":"despre","status":"publish","type":"page","link":"https:\/\/intercer.net\/blogs\/caleacatrehristos\/despre","title":{"rendered":"Despre"},"content":{"rendered":"<p style=\"margin-top: 0pt;margin-bottom: 0pt\"><img loading=\"lazy\" decoding=\"async\" class=\"size-full wp-image-40 alignleft\" style=\"margin-left: 5px;margin-right: 5px\" src=\"https:\/\/intercer.net\/blogs\/caleacatrehristos\/files\/2009\/06\/ellen-mic.jpg\" alt=\"ellen-mic\" width=\"100\" height=\"100\" \/>Ellen G. White  este autoarea a 55 de volume traduse \u00een 100 de limbi,  cu aproape 20 000 000 de exemplare \u00een circula\u0163ie. Se consider\u0103 c\u0103 ea a fost  inspirat\u0103 de Dumnezeu. Multe din profe\u0163iile ei despre evenimentele lumii \u015fi  condi\u0163ia omului modern s-au \u00eemplinit deja \u00een mod dramatic. Incursiunile ei \u00een  domeniul medicinei \u015fi nutri\u0163iei sunt progresiv demonstrate de cercetarea  \u015ftiin\u0163ific\u0103. Cuvintele ei au dus adev\u0103rurile cre\u015ftine la milioane de cititori de  pretutindeni. Nenum\u0103ra\u0163i cititori, c\u0103ut\u00e2nd r\u0103spunsuri la cele mai presante  probleme ale vie\u0163ii, s-au \u00eentors de-a lungul anilor spre aceast\u0103 minunat\u0103  carte&#8230; \u015fi au g\u0103sit m\u00e2ng\u00e2iere \u015fi inspira\u0163ia unor r\u0103spunsuri autorizate, bazate  pe o profund\u0103 \u00een\u0163elegere a Bibliei \u015fi a rela\u0163iei omului cu Dumnezeu de-a lungul  celor 20 de secole ale erei cre\u015ftine. Profe\u0163iile din vechime \u015fi \u00een\u0163elesurile lor  pentru ast\u0103zi \u015fi m\u00e2ine&#8230; Multe biserici cre\u015ftine din timpul nostru \u2013 se vor uni  ele vreodat\u0103? &#8230; Ultima \u00eencercare cu care rasa uman\u0103 ar putea fi confruntat\u0103 \u00een  timpurile noastre&#8230;<\/p>\n<p style=\"margin-top: 0pt;margin-bottom: 0pt\">\n<p style=\"text-align: left\"><img loading=\"lazy\" decoding=\"async\" class=\"size-full wp-image-41 alignright\" style=\"margin-left: 5px;margin-right: 5px\" src=\"https:\/\/intercer.net\/blogs\/caleacatrehristos\/files\/2009\/06\/steps_mic.jpg\" alt=\"steps_mic\" width=\"100\" height=\"100\" \/>Este scris\u0103 \u00een 1890, \u00een cuvinte simple, dar de o mare for\u0163\u0103 spiritual\u0103. Ne este  prezentata iubirea lui Dumnezeu pentru cel p\u0103c\u0103tos \u00een adev\u0103rata lumin\u0103 a cerului,  nevoia de Domnul Hristos, de Duhul S\u0103u ce Sf\u00e2nt, care s\u0103 ne conduc\u0103 la poc\u0103in\u0163\u0103,  la m\u0103rturisire \u015fi consacrare deplin\u0103.<\/p>\n<p style=\"text-align: left\">Titlul c\u00e3rtii \u00een original: \u201cSteps  to Christ&#8221;.<\/p>\n","protected":false},"excerpt":{"rendered":"<p>Ellen G. White este autoarea a 55 de volume traduse \u00een 100 de limbi, cu aproape 20 000 000 de exemplare \u00een circula\u0163ie. Se consider\u0103 c\u0103 ea a fost inspirat\u0103 de Dumnezeu. Multe din profe\u0163iile ei despre evenimentele lumii \u015fi condi\u0163ia omului modern s-au \u00eemplinit deja \u00een mod dramatic. Incursiunile ei \u00een domeniul medicinei \u015fi [&hellip;]<\/p>\n","protected":false},"author":5,"featured_media":0,"parent":0,"menu_order":4,"comment_status":"closed","ping_status":"closed","template":"","meta":{"_monsterinsights_skip_tracking":false,"_monsterinsights_sitenote_active":false,"_monsterinsights_sitenote_note":"","_monsterinsights_sitenote_category":0,"footnotes":""},"class_list":["post-2","page","type-page","status-publish","hentry"],"_links":{"self":[{"href":"https:\/\/intercer.net\/blogs\/caleacatrehristos\/wp-json\/wp\/v2\/pages\/2","targetHints":{"allow":["GET"]}}],"collection":[{"href":"https:\/\/intercer.net\/blogs\/caleacatrehristos\/wp-json\/wp\/v2\/pages"}],"about":[{"href":"https:\/\/intercer.net\/blogs\/caleacatrehristos\/wp-json\/wp\/v2\/types\/page"}],"author":[{"embeddable":true,"href":"https:\/\/intercer.net\/blogs\/caleacatrehristos\/wp-json\/wp\/v2\/users\/5"}],"replies":[{"embeddable":true,"href":"https:\/\/intercer.net\/blogs\/caleacatrehristos\/wp-json\/wp\/v2\/comments?post=2"}],"version-history":[{"count":0,"href":"https:\/\/intercer.net\/blogs\/caleacatrehristos\/wp-json\/wp\/v2\/pages\/2\/revisions"}],"wp:attachment":[{"href":"https:\/\/intercer.net\/blogs\/caleacatrehristos\/wp-json\/wp\/v2\/media?parent=2"}],"curies":[{"name":"wp","href":"https:\/\/api.w.org\/{rel}","templated":true}]}}