{"id":171,"date":"2011-03-09T12:05:50","date_gmt":"2011-03-09T20:05:50","guid":{"rendered":"http:\/\/intercer.net\/blogs\/egwhiteaudio\/?page_id=171"},"modified":"2017-11-05T19:08:35","modified_gmt":"2017-11-06T03:08:35","slug":"sfintirea-vietii","status":"publish","type":"page","link":"https:\/\/intercer.net\/blogs\/egwhiteaudio\/asculta\/sfintirea-vietii","title":{"rendered":"Sfin\u0163irea vie\u0163ii"},"content":{"rendered":"<p><a href=\"https:\/\/intercer.net\/blogs\/egwhiteaudio\/files\/2009\/11\/SV-mini.jpg\"><img loading=\"lazy\" decoding=\"async\" class=\"alignleft size-full wp-image-296\" src=\"https:\/\/intercer.net\/blogs\/egwhiteaudio\/files\/2009\/11\/SV-mini.jpg\" alt=\"\" width=\"200\" height=\"300\"><\/a><\/p>\n<p>&nbsp;<\/p>\n<p>&nbsp;<\/p>\n<p style=\"text-align: center;\"><span style=\"text-decoration: underline;\">Cartea:&nbsp;<strong>SFIN\u0162IREA VIE\u0162II<\/strong><\/span><\/p>\n<p style=\"text-align: center;\">Narator:<strong> Roxana Must\u0103\u0163ea<br \/>\n<\/strong>Producator: Gaius Maximus<br \/>\n2002<\/p>\n<p>&nbsp;<br \/>\nAscultati gratuit continutul acestei carti mai jos.<br \/>\n&nbsp;<br \/>\n&nbsp;<br \/>\n&nbsp;<br \/>\n[sociallocker]<\/p>\n<table style=\"width: 601px;\" border=\"0\">\n<tbody>\n<tr>\n<td align=\"left\" width=\"491px\">&nbsp;<\/td>\n<td><img decoding=\"async\" src=\"https:\/\/intercer.net\/images\/clear.gif\" alt=\"\" width=\"10px\" height=\"1\" border=\"0\"><\/td>\n<td align=\"right\" width=\"-100px\">&nbsp;<\/td>\n<\/tr>\n<tr>\n<td align=\"left\">0.Prefata<\/td>\n<td>[audio:https:\/\/media2.intercer.net\/gaius\/carti\/gaius_EGW-SV%2000%20-%20Prefata.mp3]<\/td>\n<\/tr>\n<tr>\n<td align=\"left\">1.Adevarul si teoriile false<\/td>\n<td>[audio:https:\/\/media2.intercer.net\/gaius\/carti\/gaius_EGW-SV%2001%20-%20Adevarul si teoriile false.MP3]<\/td>\n<\/tr>\n<tr>\n<td align=\"left\">2.Daniel<\/td>\n<td>[audio:https:\/\/media2.intercer.net\/gaius\/carti\/gaius_EGW-SV%2002%20-%20Daniel.MP3]<\/td>\n<\/tr>\n<tr>\n<td align=\"left\">3.Stapanirea poftelor<\/td>\n<td>[audio:https:\/\/media2.intercer.net\/gaius\/carti\/gaius_EGW-SV%2003%20-%20Stapanirea poftelor.MP3]<\/td>\n<\/tr>\n<tr>\n<td align=\"left\">4.Cuptorul de foc<\/td>\n<td>[audio:https:\/\/media2.intercer.net\/gaius\/carti\/gaius_EGW-SV%2004%20-%20Cuptorul de foc.MP3]<\/td>\n<\/tr>\n<tr>\n<td align=\"left\">5.Daniel in groapa cu lei<\/td>\n<td>[audio:https:\/\/media2.intercer.net\/gaius\/carti\/gaius_EGW-SV%2005%20-%20Daniel in groapa cu lei.MP3]<\/td>\n<\/tr>\n<tr>\n<td align=\"left\">6.Rugaciunea lui Daniel<\/td>\n<td>[audio:https:\/\/media2.intercer.net\/gaius\/carti\/gaius_EGW-SV%2006%20-%20Rugaciunea lui Daniel.MP3]<\/td>\n<\/tr>\n<tr>\n<td align=\"left\">7.Caracterul lui Ioan<\/td>\n<td>[audio:https:\/\/media2.intercer.net\/gaius\/carti\/gaius_EGW-SV%2007%20-%20Caracterul lui Ioan.MP3]<\/td>\n<\/tr>\n<tr>\n<td align=\"left\">8.Misiunea slujirii lui Ioan<\/td>\n<td>[audio:https:\/\/media2.intercer.net\/gaius\/carti\/gaius_EGW-SV%2008%20-%20Misiunea slujirii lui Ioan.MP3]<\/td>\n<\/tr>\n<tr>\n<td align=\"left\">9.Ioan in exil<\/td>\n<td>[audio:https:\/\/media2.intercer.net\/gaius\/carti\/gaius_EGW-SV%2009%20-%20Ioan in exil.MP3]<\/td>\n<\/tr>\n<tr>\n<td align=\"left\">10.Caracterul crestin<\/td>\n<td>[audio:https:\/\/media2.intercer.net\/gaius\/carti\/gaius_EGW-SV%2010%20-%20Caracterul crestin.MP3]<\/td>\n<\/tr>\n<tr>\n<td align=\"left\">11.Privilegiul crestinului<\/td>\n<td>[audio:https:\/\/media2.intercer.net\/gaius\/carti\/gaius_EGW-SV%2011%20-%20Privilegiul crestinului.MP3]<\/td>\n<\/tr>\n<\/tbody>\n<\/table>\n<p>_________________________________________________________________________<\/p>\n<p><strong>Descarc\u0103<\/strong> aceast\u0103 carte \u00een format MP3:&nbsp;<a href=\"https:\/\/intercer.net\/blogs\/egwhiteaudio\/download\/29\/\" target=\"_blank\" rel=\"noopener\">56kbs<\/a>. &nbsp;sau&nbsp;&nbsp;<a href=\"https:\/\/intercer.net\/blogs\/egwhiteaudio\/download\/3\/\" target=\"_blank\" rel=\"noopener\">vbrHQ<\/a>. [\/sociallocker]<\/p>\n","protected":false},"excerpt":{"rendered":"<p>&nbsp; &nbsp; Cartea:&nbsp;SFIN\u0162IREA VIE\u0162II Narator: Roxana Must\u0103\u0163ea Producator: Gaius Maximus 2002 &nbsp; Ascultati gratuit continutul acestei carti mai jos. &nbsp; &nbsp; &nbsp; [sociallocker] &nbsp; &nbsp; 0.Prefata [audio:https:\/\/media2.intercer.net\/gaius\/carti\/gaius_EGW-SV%2000%20-%20Prefata.mp3] 1.Adevarul si teoriile false [audio:https:\/\/media2.intercer.net\/gaius\/carti\/gaius_EGW-SV%2001%20-%20Adevarul si teoriile false.MP3] 2.Daniel [audio:https:\/\/media2.intercer.net\/gaius\/carti\/gaius_EGW-SV%2002%20-%20Daniel.MP3] 3.Stapanirea poftelor [audio:https:\/\/media2.intercer.net\/gaius\/carti\/gaius_EGW-SV%2003%20-%20Stapanirea poftelor.MP3] 4.Cuptorul de foc [audio:https:\/\/media2.intercer.net\/gaius\/carti\/gaius_EGW-SV%2004%20-%20Cuptorul de foc.MP3] 5.Daniel in groapa cu lei [audio:https:\/\/media2.intercer.net\/gaius\/carti\/gaius_EGW-SV%2005%20-%20Daniel in groapa [&hellip;]<\/p>\n","protected":false},"author":2,"featured_media":0,"parent":8,"menu_order":0,"comment_status":"closed","ping_status":"closed","template":"","meta":{"_monsterinsights_skip_tracking":false,"_monsterinsights_sitenote_active":false,"_monsterinsights_sitenote_note":"","_monsterinsights_sitenote_category":0,"footnotes":""},"class_list":["post-171","page","type-page","status-publish","hentry"],"_links":{"self":[{"href":"https:\/\/intercer.net\/blogs\/egwhiteaudio\/wp-json\/wp\/v2\/pages\/171","targetHints":{"allow":["GET"]}}],"collection":[{"href":"https:\/\/intercer.net\/blogs\/egwhiteaudio\/wp-json\/wp\/v2\/pages"}],"about":[{"href":"https:\/\/intercer.net\/blogs\/egwhiteaudio\/wp-json\/wp\/v2\/types\/page"}],"author":[{"embeddable":true,"href":"https:\/\/intercer.net\/blogs\/egwhiteaudio\/wp-json\/wp\/v2\/users\/2"}],"replies":[{"embeddable":true,"href":"https:\/\/intercer.net\/blogs\/egwhiteaudio\/wp-json\/wp\/v2\/comments?post=171"}],"version-history":[{"count":3,"href":"https:\/\/intercer.net\/blogs\/egwhiteaudio\/wp-json\/wp\/v2\/pages\/171\/revisions"}],"predecessor-version":[{"id":368,"href":"https:\/\/intercer.net\/blogs\/egwhiteaudio\/wp-json\/wp\/v2\/pages\/171\/revisions\/368"}],"up":[{"embeddable":true,"href":"https:\/\/intercer.net\/blogs\/egwhiteaudio\/wp-json\/wp\/v2\/pages\/8"}],"wp:attachment":[{"href":"https:\/\/intercer.net\/blogs\/egwhiteaudio\/wp-json\/wp\/v2\/media?parent=171"}],"curies":[{"name":"wp","href":"https:\/\/api.w.org\/{rel}","templated":true}]}}