{"id":6,"date":"2009-11-01T04:29:57","date_gmt":"2009-11-01T09:29:57","guid":{"rendered":"http:\/\/intercer.net\/blogs\/egwhiteaudio\/?page_id=6"},"modified":"2017-11-05T16:59:41","modified_gmt":"2017-11-06T00:59:41","slug":"descarca","status":"publish","type":"page","link":"https:\/\/intercer.net\/blogs\/egwhiteaudio\/descarca","title":{"rendered":"Descarc\u0103"},"content":{"rendered":"<p>Aici pute\u0163i asculta fi\u015fierele audio corespunz\u0103toare unora dintre c\u0103r\u0163ile scrise de Ellen G. White.<br \/>\nFi\u015fierele audio sunt preg\u0103tite de Gaius Maximus Rom\u00e2nia. Proiect de internet realizat de Intercer <a title=\"Intercer Romania - Resurse Crestine Romanesti Gratuite\" href=\"http:\/\/www.intercer.net\" target=\"_blank\" rel=\"noopener\">www.intercer.net<\/a><\/p>\n<p>Car\u0163ile respective pot fi procurate de la <a title=\"Editura Viata si Sanatate, Bucuresti\" href=\"http:\/\/www.viatasisanatate.ro\" target=\"_blank\" rel=\"noopener\">Editura &#8222;Via\u0163\u0103 \u015fi S\u0103n\u0103tate&#8221;<\/a>, Bucure\u015fti.<\/p>\n<p><strong>Important: <\/strong>Puteti pune link-uri catre acest website, <a title=\"Cartile E.G.White Audio Online\" href=\"https:\/\/intercer.net\/blogs\/egwhiteaudio\/\" target=\"_blank\" rel=\"noopener\">https:\/\/intercer.net\/blogs\/egwhiteaudio\/<\/a>. <em><strong>Nu este permisa copierea continutului acestui site pe alte site-uri. <\/strong><\/em>Acest site va fi actualizat in continuare si dorim ca materialele sa fie intr-o locatie centrala.<\/p>\n<p>[emaillocker]Sunt <strong>14 files<\/strong>, ocup\u0103 <strong>5,8 GiB<\/strong> cu <strong>72.104 acces\u0103ri<\/strong> \u00een <strong>total<\/strong>.<br\/>Afi\u015f\u0103m <strong>1<\/strong> la <strong>14<\/strong> din <strong>14<\/strong> fi\u015fiere.<p><img decoding=\"async\" src=\"http:\/\/intercer.net\/blogs\/egwhiteaudio\/wp-content\/plugins\/wp-downloadmanager\/images\/ext\/zip.gif\" alt=\"\" title=\"\" style=\"vertical-align: middle;\" \/>&nbsp;&nbsp;<strong><a href=\"https:\/\/intercer.net\/blogs\/egwhiteaudio\/download\/25\/\">Adev\u0103rul despre \u00eengeri (56kbs)<\/a><\/strong> <small>&raquo; <strong>201,2 MiB<\/strong> - 5.053 desc\u0103rc\u0103ri<\/small><p><img decoding=\"async\" src=\"http:\/\/intercer.net\/blogs\/egwhiteaudio\/wp-content\/plugins\/wp-downloadmanager\/images\/ext\/zip.gif\" alt=\"\" title=\"\" style=\"vertical-align: middle;\" \/>&nbsp;&nbsp;<strong><a href=\"https:\/\/intercer.net\/blogs\/egwhiteaudio\/download\/2\/\">Adev\u0103rul despre \u00eengeri (vbrHQ)<\/a><\/strong> <small>&raquo; <strong>528,3 MiB<\/strong> - 8.186 desc\u0103rc\u0103ri<\/small><p><img decoding=\"async\" src=\"http:\/\/intercer.net\/blogs\/egwhiteaudio\/wp-content\/plugins\/wp-downloadmanager\/images\/ext\/zip.gif\" alt=\"\" title=\"\" style=\"vertical-align: middle;\" \/>&nbsp;&nbsp;<strong><a href=\"https:\/\/intercer.net\/blogs\/egwhiteaudio\/download\/26\/\">Calea c\u0103tre Hristos (56kbs)<\/a><\/strong> <small>&raquo; <strong>133,5 MiB<\/strong> - 3.543 desc\u0103rc\u0103ri<\/small><p><img decoding=\"async\" src=\"http:\/\/intercer.net\/blogs\/egwhiteaudio\/wp-content\/plugins\/wp-downloadmanager\/images\/ext\/zip.gif\" alt=\"\" title=\"\" style=\"vertical-align: middle;\" \/>&nbsp;&nbsp;<strong><a href=\"https:\/\/intercer.net\/blogs\/egwhiteaudio\/download\/4\/\">Calea c\u0103tre Hristos (vbrHQ)<\/a><\/strong> <small>&raquo; <strong>227,9 MiB<\/strong> - 3.907 desc\u0103rc\u0103ri<\/small><p><img decoding=\"async\" src=\"http:\/\/intercer.net\/blogs\/egwhiteaudio\/wp-content\/plugins\/wp-downloadmanager\/images\/ext\/zip.gif\" alt=\"\" title=\"\" style=\"vertical-align: middle;\" \/>&nbsp;&nbsp;<strong><a href=\"https:\/\/intercer.net\/blogs\/egwhiteaudio\/download\/27\/\">Cuget\u0103ri de pe muntele fericirilor (56kbs)<\/a><\/strong> <small>&raquo; <strong>114,4 MiB<\/strong> - 3.073 desc\u0103rc\u0103ri<\/small><p><img decoding=\"async\" src=\"http:\/\/intercer.net\/blogs\/egwhiteaudio\/wp-content\/plugins\/wp-downloadmanager\/images\/ext\/zip.gif\" alt=\"\" title=\"\" style=\"vertical-align: middle;\" \/>&nbsp;&nbsp;<strong><a href=\"https:\/\/intercer.net\/blogs\/egwhiteaudio\/download\/1\/\">Cuget\u0103ri de pe muntele fericirilor (vbrHQ)<\/a><\/strong> <small>&raquo; <strong>168,8 MiB<\/strong> - 7.885 desc\u0103rc\u0103ri<\/small><p><img decoding=\"async\" src=\"http:\/\/intercer.net\/blogs\/egwhiteaudio\/wp-content\/plugins\/wp-downloadmanager\/images\/ext\/zip.gif\" alt=\"\" title=\"\" style=\"vertical-align: middle;\" \/>&nbsp;&nbsp;<strong><a href=\"https:\/\/intercer.net\/blogs\/egwhiteaudio\/download\/31\/\">Hristos lumina lumii (Viata lui Iisus) (56kbs)<\/a><\/strong> <small>&raquo; <strong>848,9 MiB<\/strong> - 5.279 desc\u0103rc\u0103ri<\/small><p><img decoding=\"async\" src=\"http:\/\/intercer.net\/blogs\/egwhiteaudio\/wp-content\/plugins\/wp-downloadmanager\/images\/ext\/zip.gif\" alt=\"\" title=\"\" style=\"vertical-align: middle;\" \/>&nbsp;&nbsp;<strong><a href=\"https:\/\/intercer.net\/blogs\/egwhiteaudio\/download\/30\/\">Hristos lumina lumii (Viata lui Iisus) (vbrHQ)<\/a><\/strong> <small>&raquo; <strong>1,9 GiB<\/strong> - 10.509 desc\u0103rc\u0103ri<\/small><p><img decoding=\"async\" src=\"http:\/\/intercer.net\/blogs\/egwhiteaudio\/wp-content\/plugins\/wp-downloadmanager\/images\/ext\/zip.gif\" alt=\"\" title=\"\" style=\"vertical-align: middle;\" \/>&nbsp;&nbsp;<strong><a href=\"https:\/\/intercer.net\/blogs\/egwhiteaudio\/download\/28\/\">Istoria faptelor apostolilor (56kbs)<\/a><\/strong> <small>&raquo; <strong>469,1 MiB<\/strong> - 3.260 desc\u0103rc\u0103ri<\/small><p><img decoding=\"async\" src=\"http:\/\/intercer.net\/blogs\/egwhiteaudio\/wp-content\/plugins\/wp-downloadmanager\/images\/ext\/zip.gif\" alt=\"\" title=\"\" style=\"vertical-align: middle;\" \/>&nbsp;&nbsp;<strong><a href=\"https:\/\/intercer.net\/blogs\/egwhiteaudio\/download\/5\/\">Istoria faptelor apostolilor (vbrHQ)<\/a><\/strong> <small>&raquo; <strong>852,1 MiB<\/strong> - 3.694 desc\u0103rc\u0103ri<\/small><p><img decoding=\"async\" src=\"http:\/\/intercer.net\/blogs\/egwhiteaudio\/wp-content\/plugins\/wp-downloadmanager\/images\/ext\/zip.gif\" alt=\"\" title=\"\" style=\"vertical-align: middle;\" \/>&nbsp;&nbsp;<strong><a href=\"https:\/\/intercer.net\/blogs\/egwhiteaudio\/download\/7\/\">Istoria m\u00e2ntuirii - cap. 00-10<\/a><\/strong> <small>&raquo; <strong>107,8 MiB<\/strong> - 3.911 desc\u0103rc\u0103ri<\/small><p><img decoding=\"async\" src=\"http:\/\/intercer.net\/blogs\/egwhiteaudio\/wp-content\/plugins\/wp-downloadmanager\/images\/ext\/zip.gif\" alt=\"\" title=\"\" style=\"vertical-align: middle;\" \/>&nbsp;&nbsp;<strong><a href=\"https:\/\/intercer.net\/blogs\/egwhiteaudio\/download\/24\/\">Istoria m\u00e2ntuirii - cap. 11-20<\/a><\/strong> <small>&raquo; <strong>134,5 MiB<\/strong> - 2.755 desc\u0103rc\u0103ri<\/small><p><img decoding=\"async\" src=\"http:\/\/intercer.net\/blogs\/egwhiteaudio\/wp-content\/plugins\/wp-downloadmanager\/images\/ext\/zip.gif\" alt=\"\" title=\"\" style=\"vertical-align: middle;\" \/>&nbsp;&nbsp;<strong><a href=\"https:\/\/intercer.net\/blogs\/egwhiteaudio\/download\/29\/\">Sfin\u0163irea vie\u0163ii (56kbs)<\/a><\/strong> <small>&raquo; <strong>66,8 MiB<\/strong> - 3.195 desc\u0103rc\u0103ri<\/small><p><img decoding=\"async\" src=\"http:\/\/intercer.net\/blogs\/egwhiteaudio\/wp-content\/plugins\/wp-downloadmanager\/images\/ext\/zip.gif\" alt=\"\" title=\"\" style=\"vertical-align: middle;\" \/>&nbsp;&nbsp;<strong><a href=\"https:\/\/intercer.net\/blogs\/egwhiteaudio\/download\/3\/\">Sfin\u0163irea vie\u0163ii (vbrHQ)<\/a><\/strong> <small>&raquo; <strong>113,9 MiB<\/strong> - 7.854 desc\u0103rc\u0103ri<\/small>[\/emaillocker]<\/p>\n","protected":false},"excerpt":{"rendered":"<p>Aici pute\u0163i asculta fi\u015fierele audio corespunz\u0103toare unora dintre c\u0103r\u0163ile scrise de Ellen G. White. Fi\u015fierele audio sunt preg\u0103tite de Gaius Maximus Rom\u00e2nia. Proiect de internet realizat de Intercer www.intercer.net Car\u0163ile respective pot fi procurate de la Editura &#8222;Via\u0163\u0103 \u015fi S\u0103n\u0103tate&#8221;, Bucure\u015fti. Important: Puteti pune link-uri catre acest website, https:\/\/intercer.net\/blogs\/egwhiteaudio\/. Nu este permisa copierea continutului acestui [&hellip;]<\/p>\n","protected":false},"author":5,"featured_media":0,"parent":0,"menu_order":0,"comment_status":"closed","ping_status":"closed","template":"","meta":{"_monsterinsights_skip_tracking":false,"_monsterinsights_sitenote_active":false,"_monsterinsights_sitenote_note":"","_monsterinsights_sitenote_category":0,"footnotes":""},"class_list":["post-6","page","type-page","status-publish","hentry"],"_links":{"self":[{"href":"https:\/\/intercer.net\/blogs\/egwhiteaudio\/wp-json\/wp\/v2\/pages\/6","targetHints":{"allow":["GET"]}}],"collection":[{"href":"https:\/\/intercer.net\/blogs\/egwhiteaudio\/wp-json\/wp\/v2\/pages"}],"about":[{"href":"https:\/\/intercer.net\/blogs\/egwhiteaudio\/wp-json\/wp\/v2\/types\/page"}],"author":[{"embeddable":true,"href":"https:\/\/intercer.net\/blogs\/egwhiteaudio\/wp-json\/wp\/v2\/users\/5"}],"replies":[{"embeddable":true,"href":"https:\/\/intercer.net\/blogs\/egwhiteaudio\/wp-json\/wp\/v2\/comments?post=6"}],"version-history":[{"count":2,"href":"https:\/\/intercer.net\/blogs\/egwhiteaudio\/wp-json\/wp\/v2\/pages\/6\/revisions"}],"predecessor-version":[{"id":344,"href":"https:\/\/intercer.net\/blogs\/egwhiteaudio\/wp-json\/wp\/v2\/pages\/6\/revisions\/344"}],"wp:attachment":[{"href":"https:\/\/intercer.net\/blogs\/egwhiteaudio\/wp-json\/wp\/v2\/media?parent=6"}],"curies":[{"name":"wp","href":"https:\/\/api.w.org\/{rel}","templated":true}]}}